s 2848517803 a prime number?
True
Is 1892747638 a composite number?
True
Is 667111271 a composite number?
True
Is 118682407 composite?
False
Is 200032163 a composite number?
False
Is 1823626963 a prime number?
True
Is 721787401 prime?
True
Is 56722663 a prime number?
False
Is 1898901409 prime?
True
Is 269553287789 a composite number?
False
Is 385783597 a composite number?
True
Is 6411175451 prime?
False
Is 58302193739 composite?
False
Is 3450660007 a prime number?
True
Is 674541443 composite?
True
Is 333093218331 composite?
True
Is 46864905683 composite?
True
Is 1207937827 composite?
False
Is 80324490679 a prime number?
False
Is 17281306307 a prime number?
False
Is 6375660089 prime?
True
Is 758144861 a prime number?
True
Is 104980383283 a prime number?
False
Is 551900974 composite?
True
Is 876676919 a composite number?
True
Is 4571629207 a composite number?
True
Is 26304217 prime?
False
Is 1916110991 a composite number?
False
Is 2431921861 a composite number?
False
Is 28735862963 a prime number?
True
Is 32008699 a prime number?
False
Is 16090148339 composite?
False
Is 360246401 a prime number?
False
Is 2348480347 composite?
True
Is 22499062055 composite?
True
Is 60212059541 a composite number?
False
Is 124656297547 prime?
True
Is 17752123897 composite?
False
Is 27938580563 a composite number?
True
Is 58042037 prime?
False
Is 28486231307 a composite number?
False
Is 2859473677 a prime number?
True
Is 8964495107 a prime number?
False
Is 37723722313 a prime number?
False
Is 2191579207 a prime number?
True
Is 3689138995 prime?
False
Is 21300156887 prime?
True
Is 1412663507 prime?
False
Is 743592841 prime?
True
Is 80941436489 a composite number?
False
Is 2177822839 a composite number?
False
Is 29740803043 composite?
True
Is 6710892611 a composite number?
False
Is 4611605299 a composite number?
True
Is 245087898365 prime?
False
Is 2862594993 a composite number?
True
Is 506864627 a composite number?
False
Is 1005501209 a composite number?
False
Is 11764433119 composite?
False
Is 6654627227 prime?
False
Is 9277256897 a prime number?
True
Is 57694257202 composite?
True
Is 62553233 a prime number?
False
Is 26265645509 prime?
True
Is 70445268601 composite?
True
Is 85025591813 a composite number?
False
Is 14941202669 prime?
True
Is 15275964949 composite?
True
Is 24089336147 a composite number?
True
Is 42876541387 a composite number?
True
Is 1153333577 a prime number?
False
Is 51066326 a prime number?
False
Is 4813949851 prime?
False
Is 294385071 composite?
True
Is 6202773169 a composite number?
True
Is 3816710773 prime?
True
Is 856942322 composite?
True
Is 168356823991 prime?
True
Is 8639669587 composite?
False
Is 16571051459 a composite number?
False
Is 450452203 a prime number?
False
Is 1080160823 composite?
True
Is 9592332923 composite?
False
Is 6317352637 a composite number?
False
Is 13318421971 prime?
True
Is 2380497887 a composite number?
False
Is 2827843003 prime?
False
Is 18331431749 prime?
True
Is 5529885293 a composite number?
False
Is 2566597307 composite?
False
Is 29536210371 prime?
False
Is 1255238443 composite?
True
Is 19227498067 a prime number?
True
Is 7111799017 a composite number?
False
Is 1132508101 a composite number?
False
Is 20189590849 prime?
False
Is 756077513 composite?
True
Is 1767563323 composite?
False
Is 74554061 a composite number?
True
Is 8750232983 composite?
False
Is 2145296753 composite?
False
Is 1113924821 composite?
False
Is 630351107 prime?
False
Is 7227946529 prime?
True
Is 1960648189 prime?
True
Is 545688601 composite?
False
Is 11056227791 composite?
True
Is 10473008239 a prime number?
True
Is 701809769 a composite number?
True
Is 8895102713 composite?
True
Is 724272797 prime?
True
Is 10912105909 prime?
False
Is 4023043927 prime?
False
Is 717479693 a composite number?
True
Is 4080013229 prime?
True
Is 399824921 composite?
True
Is 1828305293 prime?
False
Is 263821967 composite?
False
Is 17663084869 a prime number?
False
Is 1395688439 composite?
False
Is 5655918467 a composite number?
True
Is 753020791 prime?
False
Is 553226969 prime?
True
Is 120482918537 composite?
False
Is 913803477 a composite number?
True
Is 38459451011 a composite number?
False
Is 5016900463 a composite number?
False
Is 3135941077 a composite number?
True
Is 1672870471 prime?
True
Is 2365368079 composite?
True
Is 399815881 composite?
False
Is 1115270521 prime?
False
Is 1211057282 prime?
False
Is 11429571211 a prime number?
False
Is 108974783 prime?
True
Is 5936670739 composite?
False
Is 943697869 a prime number?
True
Is 188030789 a composite number?
False
Is 50806277477 composite?
True
Is 367020041 a composite number?
False
Is 3817160423 a prime number?
False
Is 1058291779 composite?
True
Is 1439653783 composite?
False
Is 5016329399 composite?
False
Is 11943161359 a composite number?
True
Is 18299429347 composite?
True
Is 3230344613 prime?
False
Is 61693493137 prime?
True
Is 43877595161 a composite number?
False
Is 511912451 composite?
True
Is 495205973 prime?
False
Is 109830860779 a composite number?
True
Is 68830291669 composite?
False
Is 860553037 a prime number?
True
Is 3828237559 prime?
True
Is 215489381 composite?
True
Is 116035037 composite?
False
Is 31880804987 a prime number?
False
Is 20275427447 a composite number?
True
Is 1901598591 a composite number?
True
Is 5872893773 a prime number?
True
Is 21749638187 composite?
False
Is 1268042905 composite?
True
Is 583943221 a composite number?
False
Is 21344565274 a composite number?
True
Is 57005357 a prime number?
False
Is 962560657 a prime number?
False
Is 901145627 a composite number?
False
Is 129913407089 a composite number?
True
Is 6206263577 a composite number?
True
Is 2144791919 prime?
True
Is 31816436369 composite?
False
Is 141889817 prime?
False
Is 534340501 prime?
False
Is 17131391623 prime?
False
Is 1385587041 prime?
False
Is 935102807 a composite number?
False
Is 4665821861 a composite number?
True
Is 399969803 prime?
True
Is 962544169 prime?
False
Is 7527341893 a composite number?
False
Is 97651115195 prime?
False
Is 1441276835 composite?
True
Is 4130554451 composite?
False
Is 1363922983 prime?
False
Is 3608681333 prime?
True
Is 503403749 a prime number?
True
Is 3550881769 prime?
True
Is 5530372507 a composite number?
True
Is 10436281899 composite?
True
Is 62495750377 a prime number?
False
Is 18652602191 composite?
True
Is 2085777217 composite?
False
Is 607556950519 a prime number?
True
Is 13847521847 a prime number?
False
Is 715078061 composite?
False
Is 67310952127 composite?
False
Is 2951956237 a composite number?
True
Is 66812019695 prime?
False
Is 448031821 a prime number?
False
Is 2678368769 a composite number?
True
Is 401559013 composite?
False
Is 1842185209 prime?
False
Is 769095029 composite?
True
Is 99950567 prime?
False
Is 1119043661 prime?
True
Is 3624297091 a composite number?
False
Is 11170131893 a prime number?
True
Is 21637959613 a composite number?
False
Is 6466524829 a prime number?
True
Is 3158944417 composite?
True
Is 52258012249 composite?
False
Is 2385606907 composite?
False
Is 342206981 prime?
False
Is 204456227 prime?
True
Is 1222457711 composite?
False
Is 37191731723 composite?
False
Is 72645437149 composite?
True
Is 4876104989 a composite number?
True
Is 498215531795 composite?
True
Is 6349227217 prime?
True
Is 1695196453 prime?
True
Is 154071131 a composite number?
False
Is 30207667453 composite?
False
Is 30490312967 prime?
True
Is 1128659509 composite?
True
Is 286882060643 composite?
False
Is 471911677417 composite?
False
Is 13060909963 a composite number?
True
Is 7591276601 composite?
False
Is 633488081 composite?
False
Is 16771046113 composite?
False
Is 6467491651 prime?
True
Is 94859569477 a prime number?
True
Is 7104319657 prime?
False
Is 957330427 a composite number?
False
Is 1845873361 a composite number?
True
Is 16686080327 prime?
False
Is 65790743677 a composite number?
True
Is 23820733673 prime?
False
Is 24468265307 composite?
False
Is 726712837 a composite number?
True
Is 417705733 composite?
False
Is 10562929337 a composite number?
False
Is 1452158791 composite?
True
Is 902569838 a prime number?
False
Is 9595221457 a composite number?
True
Is 3091862231 composite?
True
Is 3596453423 a prime number?
True
Is 27722465857 prime?
False
Is 2266